of 862236?
8
What is the units digit of 19426349?
9
What is the thousands digit of 84576?
4
What is the tens digit of 11821?
2
What is the hundred thousands digit of 831057?
8
What is the tens digit of 44770?
7
What is the hundreds digit of 497306?
3
What is the units digit of 2860950?
0
What is the units digit of 1093039?
9
What is the units digit of 63236?
6
What is the hundred thousands digit of 11433930?
4
What is the tens digit of 1126261?
6
What is the thousands digit of 1264570?
4
What is the hundreds digit of 7585055?
0
What is the millions digit of 1034602?
1
What is the units digit of 2894168?
8
What is the hundred thousands digit of 502765?
5
What is the units digit of 397614?
4
What is the units digit of 20275?
5
What is the units digit of 9116679?
9
What is the tens digit of 349881?
8
What is the tens digit of 220178?
7
What is the millions digit of 23150357?
3
What is the millions digit of 4947410?
4
What is the thousands digit of 144334?
4
What is the ten thousands digit of 1351998?
5
What is the millions digit of 14979569?
4
What is the tens digit of 8258291?
9
What is the tens digit of 9127488?
8
What is the tens digit of 301556?
5
What is the ten thousands digit of 14005016?
0
What is the ten thousands digit of 410061?
1
What is the thousands digit of 2595367?
5
What is the ten thousands digit of 7333439?
3
What is the thousands digit of 211171?
1
What is the ten thousands digit of 276608?
7
What is the units digit of 432642?
2
What is the units digit of 352581?
1
What is the thousands digit of 173009?
3
What is the thousands digit of 3897275?
7
What is the units digit of 6147848?
8
What is the units digit of 695004?
4
What is the thousands digit of 2379061?
9
What is the units digit of 185452?
2
What is the hundred thousands digit of 143104?
1
What is the units digit of 1195958?
8
What is the hundred thousands digit of 102591?
1
What is the hundred thousands digit of 562114?
5
What is the thousands digit of 1195691?
5
What is the ten thousands digit of 1107233?
0
What is the millions digit of 7343326?
7
What is the hundreds digit of 361825?
8
What is the hundred thousands digit of 8267020?
2
What is the ten thousands digit of 7332850?
3
What is the tens digit of 2244881?
8
What is the hundreds digit of 6202787?
7
What is the hundreds digit of 58804?
8
What is the units digit of 5973253?
3
What is the thousands digit of 181479?
1
What is the hundred thousands digit of 3410453?
4
What is the ten thousands digit of 368695?
6
What is the units digit of 2792894?
4
What is the ten millions digit of 34391538?
3
What is the thousands digit of 3856997?
6
What is the tens digit of 563984?
8
What is the hundreds digit of 5571518?
5
What is the tens digit of 84833?
3
What is the thousands digit of 610985?
0
What is the hundreds digit of 1226366?
3
What is the hundreds digit of 7869972?
9
What is the hundred thousands digit of 1410232?
4
What is the thousands digit of 44642?
4
What is the thousands digit of 6454496?
4
What is the thousands digit of 84046?
4
What is the hundred thousands digit of 3717542?
7
What is the ten thousands digit of 627692?
2
What is the units digit of 230821?
1
What is the hundred thousands digit of 134467?
1
What is the ten thousands digit of 2202827?
0
What is the units digit of 11985023?
3
What is the ten thousands digit of 466543?
6
What is the hundred thousands digit of 275616?
2
What is the units digit of 70617?
7
What is the tens digit of 275629?
2
What is the hundred thousands digit of 679724?
6
What is the ten millions digit of 10618729?
1
What is the thousands digit of 10759920?
9
What is the hundred thousands digit of 15180452?
1
What is the tens digit of 1628193?
9
What is the hundred thousands digit of 37664257?
6
What is the hundreds digit of 21156?
1
What is the millions digit of 8639397?
8
What is the hundred thousands digit of 8782794?
7
What is the thousands digit of 8914?
8
What is the ten thousands digit of 5310698?
1
What is the units digit of 2513637?
7
What is the tens digit of 272982?
8
What is the ten thousands digit of 879874?
7
What is the tens digit of 7991366?
6
What is the thousands digit of 300488?
0
What is the thousands digit of 1658166?
8
What is the units digit of 329532?
2
What is the hundred thousands digit of 17160019?
1
What is the units digit of 411214?
4
What is the hundred thousands digit of 294898?
2
What is the hundred thousands digit of 2139193?
1
What is the units digit of 6838403?
3
What is the thousands digit of 365945?
5
What is the ten millions digit of 11598412?
1
What is the hundreds digit of 2584884?
8
What is the ten thousands digit of 26111693?
1
What is the tens digit of 454249?
4
What is the ten thousands digit of 7303776?
0
What is the tens digit of 376647?
4
What is the hundred thousands digit of 1264770?
2
What is the units digit of 2209516?
6
What is the tens digit of 178356?
5
What is the hundreds digit of 2879897?
8
What is the tens digit of 747781?
8
What is the ten thousands digit of 3762974?
6
What is the millions digit of 6069293?
6
What is the units digit of 414552?
2
What is the units digit of 167442?
2
What is the hundreds digit of 26653?
6
What is the tens digit of 191782?
8
What is the millions digit of 10670381?
0
What is the hundred thousands digit of 1739560?
7
What is the units digit of 37060?
0
What is the hundred thousands digit of 250881?
2
What is the tens digit of 4981529?
2
What is the hundred thousands digit of 7594836?
5
What is the thousands digit of 346988?
6
What is the hundreds digit of 8007053?
0
What is the hundreds digit of 17785272?
2
What is the hundreds digit of 665670?
6
What is the thousands digit of 5586628?
6
What is the hundreds digit of 1287086?
0
What is the ten millions digit of 19929348?
1
What is the units digit of 2211035?
5
What is the units digit of 97617?
7
What is the millions digit of 12826205?
2
What is the units digit of 221756?
6
What is the hundred thousands digit of 9198638?
1
What is the hundreds digit of 23239?
2
What is the hundred thousands digit of 1294113?
2
What is the ten thousands digit of 1378597?
7
What is the units digit of 29681074?
4
What is the ten millions digit of 16474170?
1
What is the hundreds digit of 1694760?
7
What is the ten thousands digit of 1124121?
2
What is the thousands digit of 10915?
0
What is the millions digit of 1952620?
1
What is the tens digit of 115929?
2
What is the ten thousands digit of 4225194?
2
What is the tens digit of 602179?
7
What is the units digit of 85673?
3
What is the hundred thousands digit of 1171237?
1
What is the units digit of 16482963?
3
What is the ten thousands digit of 17774918?
7
What is the ten thousands digit of 233460?
3
What is the hundred thousands digit of 6446134?
4
What is the hundred thousands digit of 189374?
1
What is the ten millions digit of 36075889?
3
What is the tens digit of 10596559?
5
What is the ten millions digit of 30264575?
3
What is the tens digit of 551842?
4
What is the ten thousands digit of 1962528?
6
What is the hundreds digit of 407431?
4
What is the hundred thousands digit of 2424832?
4
What is the thousands digit of 3273644?
3
What is the hundred thousands digit of 1801336?
8
What is the ten thousands digit of 1884477?
8
What is the hundreds digit of 1911237?
2
What is the thousands digit of 421114?
1
What is the thousands digit of 3079704?
9
What is the millions digit of 1919540?
1
What is the units digit of 522893?
3
What is the ten millions digit of 17593257?
1
What is the tens digit of 739668?
6
What is the millions digit of 1672994?
1
What is the thousands digit of 222118?
2
What is the hundreds digit of 115640?
6
What is the tens digit of 18824180?
8
What is the tens digit of 17003685?
8
What is the thousands digit of 58671?
8
What is the hundred thousands digit of 449402?
4
What is the tens digit of 4349790?
9
What is the tens digit of 5777750?
5
What is the units digit of 4663700?
0
What is the ten thousands digit of 489594?
8
What is the hundred thousands digit of 11157611?
1
What is the units digit of 3279500?
0
What is the units digit of 395454?
4
What is the hundred thousands digit of 5823704?
8
What is the thousands digit of 3247077?
7
What is the ten thousands digit of 7092982?
9
What is